mainder when 672781 is divided by 10851.
19
What is the remainder when 2171076 is divided by 7021?
1587
Calculate the remainder when 1335309 is divided by 398.
19
What is the remainder when 671531 is divided by 2798?
11
What is the remainder when 939792 is divided by 47?
27
Calculate the remainder when 34724 is divided by 440.
404
Calculate the remainder when 14532 is divided by 5867.
2798
What is the remainder when 1003478 is divided by 77190?
8
Calculate the remainder when 1268030 is divided by 78.
62
Calculate the remainder when 114361052 is divided by 2889.
2876
What is the remainder when 7715283 is divided by 5384?
11
Calculate the remainder when 1228879 is divided by 1228877.
2
What is the remainder when 85493629 is divided by 304?
13
Calculate the remainder when 2633572 is divided by 438886.
256
What is the remainder when 998518 is divided by 96?
22
Calculate the remainder when 103446 is divided by 31466.
9048
What is the remainder when 2906638 is divided by 968879?
1
What is the remainder when 349767 is divided by 8196?
5535
What is the remainder when 7381950 is divided by 243?
96
Calculate the remainder when 14801 is divided by 593.
569
What is the remainder when 265055 is divided by 5890?
5
What is the remainder when 1084208 is divided by 5038?
1038
Calculate the remainder when 7474186 is divided by 9.
1
Calculate the remainder when 419779 is divided by 38161.
8
Calculate the remainder when 13159910 is divided by 243702.
2
Calculate the remainder when 3119337 is divided by 3119319.
18
What is the remainder when 181223910 is divided by 1544?
1542
Calculate the remainder when 2388045 is divided by 712.
709
What is the remainder when 398697 is divided by 199304?
89
What is the remainder when 45535 is divided by 5662?
239
Calculate the remainder when 1066833 is divided by 1569.
1482
Calculate the remainder when 19928110 is divided by 304.
302
Calculate the remainder when 30264089 is divided by 904.
881
Calculate the remainder when 12844653 is divided by 338017.
7
Calculate the remainder when 44449568 is divided by 734.
730
Calculate the remainder when 214055 is divided by 248.
31
What is the remainder when 3033939 is divided by 680?
459
What is the remainder when 8190921 is divided by 1430?
1311
What is the remainder when 4113228 is divided by 369?
354
Calculate the remainder when 8179798 is divided by 1022458.
134
Calculate the remainder when 5605784 is divided by 359.
358
Calculate the remainder when 112805 is divided by 531.
233
Calculate the remainder when 2229923 is divided by 119.
101
Calculate the remainder when 282057 is divided by 10086.
9735
What is the remainder when 15993481 is divided by 205?
201
Calculate the remainder when 87685100 is divided by 1133.
1097
What is the remainder when 14523 is divided by 652?
179
Calculate the remainder when 1130115 is divided by 2165.
2150
What is the remainder when 9846854 is divided by 4923425?
4
What is the remainder when 1614903 is divided by 201860?
23
Calculate the remainder when 89711 is divided by 29629.
824
What is the remainder when 22225355 is divided by 94?
89
Calculate the remainder when 533889 is divided by 13689.
18
What is the remainder when 15614655 is divided by 1683?
1464
What is the remainder when 3249556 is divided by 4730?
46
Calculate the remainder when 21270795 is divided by 365.
55
What is the remainder when 504480896 is divided by 221?
218
Calculate the remainder when 53412 is divided by 1332.
132
Calculate the remainder when 1439249 is divided by 287845.
24
Calculate the remainder when 12074283 is divided by 804951.
18
Calculate the remainder when 675960 is divided by 7228.
3756
What is the remainder when 26022167 is divided by 25462?
3
Calculate the remainder when 1922117 is divided by 184.
53
What is the remainder when 336128 is divided by 167925?
278
What is the remainder when 10314871 is divided by 121351?
36
Calculate the remainder when 1602833 is divided by 103.
50
Calculate the remainder when 51232582 is divided by 8538762.
10
What is the remainder when 7660741 is divided by 709?
705
Calculate the remainder when 8014192 is divided by 258.
196
What is the remainder when 155867 is divided by 25?
17
What is the remainder when 30248352 is divided by 17?
14
What is the remainder when 117091774 is divided by 4296?
4294
Calculate the remainder when 40405 is divided by 983.
102
Calculate the remainder when 1781227 is divided by 16804.
3
What is the remainder when 2470890 is divided by 73?
59
What is the remainder when 56205904 is divided by 11241180?
4
What is the remainder when 611257 is divided by 79?
34
What is the remainder when 932891 is divided by 3481?
3464
What is the remainder when 167540 is divided by 7277?
169
What is the remainder when 124438 is divided by 256?
22
What is the remainder when 257075 is divided by 82282?
10229
Calculate the remainder when 10760432 is divided by 19.
10
Calculate the remainder when 384070 is divided by 30.
10
Calculate the remainder when 149259099 is divided by 163.
162
What is the remainder when 948227 is divided by 118480?
387
Calculate the remainder when 3562962 is divided by 7392.
18
Calculate the remainder when 929590 is divided by 77.
46
Calculate the remainder when 9577 is divided by 9530.
47
Calculate the remainder when 333779 is divided by 98.
89
What is the remainder when 1308318 is divided by 46709?
466
What is the remainder when 80275101 is divided by 38?
25
Calculate the remainder when 678961 is divided by 49.
17
What is the remainder when 2419502 is divided by 1185?
917
Calculate the remainder when 59041 is divided by 54.
19
Calculate the remainder when 1390559 is divided by 21.
2
Calculate the remainder when 22575819 is divided by 11746.
7
What is the remainder when 2082988 is divided by 7?
5
What is the remainder when 10507633 is divided by 34?
1
Calculate the remainder when 54097 is divided by 2995.
187
What is the remainder when 1531713 is divided by 35?
8
Calculate the remainder when 5389318 is divided by 359.
10
Calculate the remainder when 10282060 is divided by 82.
80
What is the remainder when 377288 is divided by 1337?
254
Calculate the remainder when 201918 is divided by 869.
310
What is the remainder when 664558 is divided by 11475?
10483
What is the remainder when 1040437302 is divided by 15?
12
What is the remainder when 2947267 is divided by 888?
883
Calculate the remainder when 3810533 is divided by 583.
45
What is the remainder when 189308259 is divided by 181?
178
Calculate the remainder when 63616 is divided by 8999.
623
What is the remainder when 24609213 is divided by 1367178?
9
Calculate the remainder when 10613809 is divided by 62434.
29
What is the remainder when 4530313 is divided by 885?
883
What is the remainder when 261604 is divided by 81?
55
Calculate the remainder when 168664413 is divided by 1916641.
5
What is the remainder when 259473 is divided by 107?
105
What is the remainder when 390461 is divided by 104?
45
Calculate the remainder when 75033 is divided by 1575.
1008
Calculate the remainder when 3839287 is divided by 141.
139
What is the remainder when 3317286 is divided by 71?
24
What is the remainder when 42527 is divided by 14102?
221
Calculate the remainder when 144542 is divided by 47384.
2390
What is the remainder when 132903 is divided by 668?
639
Calculate the remainder when 32823829 is divided by 480.
469
Calculate the remainder when 44524870 is divided by 63.
61
What is the remainder when 32841 is divided by 27258?
5583
What is the remainder when 23376376 is divided by 2?
0
Calculate the remainder when 5579905 is divided by 121.
111
What is the remainder when 214023 is divided by 2853?
48
Calculate the remainder when 6906117 is divided by 27.
3
What is the remainder when 560165 is divided by 159?
8
What is the remainder when 44128 is divided by 3730?
3098
Calculate the remainder when 52855856 is divided by 49.
46
What is the remainder when 6202237 is divided by 878?
45
What is the remainder when 231501 is divided by 77095?
216
What is the remainder when 8401 is divided by 1496?
921
Calculate the remainder when 317084 is divided by 13209.
68
What is the remainder when 10414468 is divided by 18564?
64
Calculate the remainder when 129748 is divided by 65.
8
Calcu